d r?
20
Let s = -1872 - -1983. Calculate the greatest common divisor of 6 and s.
3
Suppose -11*j - 600 = 1325. Let w = -148 - j. Let y(z) = -10*z - 3. Let s be y(-3). What is the highest common divisor of s and w?
27
Let v be 102/36 - (0 - 1/6). Let n = 4 - v. Let l(g) = -g**3 + 5*g**2 + 3*g - 7. Let p be l(5). Calculate the highest common divisor of n and p.
1
Suppose -18 = -5*d + 2*r, 3*d - r + 4*r - 15 = 0. Suppose d*g + g = 40. Suppose -45 = 3*b - g*b. Calculate the highest common factor of b and 63.
9
Suppose -5*y - 107 = 3*u - 216, -7 = y. Let j(n) = -37*n - 4. Let i be j(-4). What is the highest common divisor of i and u?
48
Let v = -26662 - -43675. Calculate the highest common factor of 107 and v.
107
Suppose 38*w - 188673 = 266*w - 611157. What is the greatest common factor of w and 109?
109
Suppose 647*y = 5490 + 43682. Let v be -2 + 2/2 + 58. Calculate the highest common factor of y and v.
19
Suppose 134 - 748 = -7*p + 2*u, -412 = -5*p - 3*u. What is the highest common factor of p and 774?
86
Let n be (3/((-54)/(-492)))/(5/3780). Suppose n = 60*k - 4*k. What is the highest common factor of 9 and k?
9
Let l(v) = -3*v**3 - 286*v**2 - 95*v + 275. Let k be l(-95). What is the greatest common factor of k and 319?
11
Let k(q) = q**2 - 8*q + 137. Let w be k(15). Calculate the highest common factor of w and 605.
121
Let l = -69110 - -69113. Let a = 25 - 12. What is the highest common factor of a and l?
1
Let o(x) = -x**3 - 2*x**2 + x + 32. Let r be (((3 - 3) + 0)/(-1))/(-2). Let q be o(r). Let k be 6/((3/(-8))/(-1)). What is the highest common factor of q and k?
16
Let g(p) be the third derivative of p**4/6 - 4*p**3 + 106*p**2. Let s be g(13). What is the highest common factor of s and 28?
28
Suppose -360 = -7*v + 2*v. Let c = 20 + -80. Let k = c + 68. Calculate the highest common factor of v and k.
8
Let b(r) = r**2 + 90*r + 1223. Let z be b(-76). What is the greatest common factor of 12 and z?
3
Let o be 52/(-104) - 106/(-4). Suppose -c + 2*s - 18 = -392, 2*c - 742 = 2*s. Suppose -48 - c = -4*a. What is the highest common divisor of o and a?
26
Suppose -8*i = -5*i - 153. Suppose -i = 8*a - 435. Calculate the greatest common divisor of a and 336.
48
Let r(v) = 99*v**2 - 70*v + 68. Let n be r(1). What is the greatest common divisor of 3 and n?
1
Let f = 3066 + -3050. What is the highest common factor of f and 568?
8
Let q(m) = 15*m - 20. Let b be q(2). Suppose -3*y = -15*y + 300. What is the highest common divisor of y and b?
5
Let p(t) = 2*t**2 - t + 5076. Let a be p(0). Calculate the greatest common divisor of a and 108.
108
Suppose -5 + 66 + 71 = 11*b. What is the highest common factor of b and 48?
12
Let t(j) = 128*j**3 - 6*j**2 - 2*j + 13. Let w be t(3). Calculate the highest common factor of w and 7.
7
Suppose -57 = -12*p + 3. Suppose p*f - 105 = 155. What is the highest common factor of 338 and f?
26
Let a be (-166)/(-10) - (-2)/5. Suppose -63 = -2*r - 5*s, -66*s = -63*s - 3. Let w = r - a. Calculate the highest common divisor of 108 and w.
12
Suppose -4*h - 65 = -81. Suppose h*r + 23 = 55. Suppose 20 = w - 12. What is the greatest common factor of w and r?
8
Suppose -4*s + 2106 = 3*o, -137*o = -3*s - 135*o + 1588. What is the highest common divisor of 99 and s?
33
Let r = 6694 + 1750. What is the highest common divisor of r and 8?
4
Let z be 945/(-24) + (-3)/(-8). Let g = z - -41. Suppose -2*k + 2*v = -g*v - 68, -93 = -2*k - v. What is the greatest common factor of 4 and k?
4
Let r be (-1)/1 - (-1 + -72). Let c = 647 - 698. Let h = r + c. Calculate the greatest common divisor of h and 7.
7
Suppose 27*o = 23*o + 1344. Let w = o + -268. Calculate the greatest common factor of 17 and w.
17
Suppose 130 + 10 = -4*x - 4*l, 5*x + 145 = 5*l. Let c be (1065/(-284))/(2/x). What is the highest common factor of c and 50?
10
Suppose -209*m = -195*m - 966. Calculate the greatest common divisor of 2323 and m.
23
Let x = -1664 + 1676. Let r(h) = -h + 3. Let f be r(0). Suppose 7*g - 16 = f*g. What is the greatest common factor of g and x?
4
Let b be (-2574)/(-16) + (-3)/(-24). Suppose -235 - b = -6*w. Let q = w + 22. Calculate the highest common factor of q and 8.
8
Let i(v) = -275*v + 574. Let n be i(-8). Calculate the greatest common factor of 438 and n.
146
Let x(c) = 2*c - 8. Let v be x(6). Suppose 2*m = 5*p + 190, m = v*m - 4*p - 278. Suppose 6*l = l + m. What is the highest common divisor of l and 126?
18
Let n(b) = -5 - 31*b + 24*b - 42*b. Let c be n(-2). Calculate the greatest common divisor of c and 124.
31
Let h(v) = -20*v**3 - 58*v - 111. Let a be h(-2). What is the greatest common factor of 6655 and a?
55
Let m = 841 - 836. Suppose 0 = -m*p + 11*p - 42. Suppose -f - g = -4, 3*f - 2*f + 5 = -4*g. What is the highest common divisor of p and f?
7
Let s be (-1)/((-3)/240*5) + 8. Calculate the highest common factor of 72 and s.
24
Let s = -16889 - -29600. Calculate the greatest common divisor of s and 57.
57
Let b be (6 - -5) + -1 + -2. Let p be 13 - ((-4)/(-4) - -3). Suppose 3*g - 39 = p. Calculate the greatest common factor of g and b.
8
Let r be 7*40/(-28) + (-4 - -20). Let s(t) = t**3 + 6*t**2 + 4*t + 2. Let q be s(-4). Calculate the highest common divisor of r and q.
6
Let q be 676/65*(-15)/(-2). Let u be 2145/q*28/5. Calculate the highest common divisor of u and 22.
22
Let m = -154 + 156. Suppose v - m*q = 2*q + 3, 4*v = q + 57. Calculate the highest common factor of v and 465.
15
Let m(p) = -4*p - 33. Let u be m(-8). Let n(v) = -690*v + 7. Let a be n(u). Calculate the highest common factor of a and 17.
17
Let n be -15*(49530/36)/13*(-7 - -5). What is the greatest common divisor of n and 75?
25
Let o = -29880 - -31563. What is the greatest common divisor of o and 2992?
187
Suppose 5*l + s + 2 + 4 = 0, 2*s = l + 10. Let x be l + 3*(5 - 4). Suppose -5 = -2*j + x. What is the greatest common factor of j and 1?
1
Let u = -2248 - -2282. Calculate the greatest common divisor of u and 5304.
34
Let x = 4343 + -4161. Let l(g) = -g**2 + 17*g - 18. Let f be l(12). Calculate the highest common factor of f and x.
14
Let n be (15 - -331)*(-388)/(-8). Calculate the highest common divisor of n and 97.
97
Let c = -143 + 264. Let s be 5*(-1)/(-5) + (-64)/(-2). Suppose -3*g + s = 5*x - 13, -x + 3*g = -20. What is the greatest common factor of x and c?
11
Let n(t) = -t**2 - 2*t + 9. Let g = -54 - -54. Let r be n(g). Suppose 2*k + 218 = 5*h - 185, 4*h + 2*k - 326 = 0. What is the greatest common factor of r and h?
9
Suppose -3*w + 6 + 0 = 0. Suppose -20 = 4*n, 123*g + w*n + 505 = 126*g. Calculate the highest common divisor of g and 60.
15
Let o be 1*246*12/8. Let n be 6724/123*(-3)/(-4). Calculate the greatest common divisor of o and n.
41
Let q = 23158 + -20946. What is the greatest common factor of q and 3476?
316
Let p = 38 + -36. Suppose v = -p*v. Let d = v - -20. What is the highest common factor of 10 and d?
10
Let i = 1628 - 1283. Let d be (3/(-9))/((-1)/45). Calculate the greatest common factor of i and d.
15
Suppose 0 = 22*h - 2243 - 3477. What is the highest common factor of h and 3484?
52
Let x be 27/(84/40*12/84). What is the greatest common factor of x and 13590?
90
Suppose -412 - 523 = -81*s + 76*s. What is the highest common divisor of s and 714?
17
Let p = -16 - 96. Let f = p - -146. Calculate the highest common divisor of f and 221.
17
Suppose -4*r - 53*k = -50*k - 4847, -4*r = 5*k - 4857. What is the highest common divisor of r and 88?
8
Let t = 514 + -322. Suppose t*s - 840 = 185*s. Calculate the greatest common divisor of 48 and s.
24
Suppose 5*r + 3*a = 862, 2*r + r - 514 = -a. Let f = -150 + r. Calculate the highest common factor of 110 and f.
10
Suppose -141*d + 5250 = -66*d. Calculate the greatest common factor of d and 4550.
70
Suppose -3*z + 17 = -1. Let n(i) = -2*i**2 - 52*i + 58. Let a be n(-27). Calculate the greatest common divisor of a and z.
2
Suppose 5*f = -4*z + 416, 4*z - 1127*f + 1130*f = 400. What is the greatest common factor of 9682 and z?
94
Let u(t) = 322*t - 4179. Let m be u(13). Let f = 9 + 5. What is the greatest common factor of f and m?
7
Let o(i) = -i**2 + 2*i - 6. Let d be o(-13). Let z = d + 292. What is the highest common factor of 26 and z?
13
Suppose -198*o + 7918 + 75242 = 0. Calculate the highest co